 - 3).
-10
Evaluate -9 + 17 - 11 - -3 - (1 - 9).
8
Evaluate (26 - (5 + (7 - 3))) + -14.
3
What is 9 + (0 + -1 + 8 - 2)?
14
-5 - (-43 - (-35 - 42))
-39
Calculate (-4 - (-4 - (6 - 4))) + 9.
11
Calculate (6 - 2 - 2) + (0 - 7).
-5
24 + (-39 - (-28 + 23))
-10
Calculate -13 + (-6 - ((-6 - -13) + -12)).
-14
What is (-57 - -63) + 9 + -7?
8
What is 17 + (14 - 3) + -17?
11
Calculate -1 + (5 - (0 + (-9 - 1) - -5)).
9
((-4 - 3) + 9 - 10) + -20 - -10
-18
(-31 - 12) + 5 + (-5 - -5 - -10)
-28
Evaluate 5 + (-5 - (15 + -7)).
-8
Calculate -18 - -3 - (-23 + (37 - 11)).
-18
What is the value of 9 + (10 - (8 - 3)) + 8?
22
What is 79 - 65 - (13 - -1 - 1)?
1
Evaluate 5 - -1 - ((51 - 46) + -1 + -4).
6
What is the value of (100 + -97 - (-2 - (-3 + -8))) + 19?
13
Evaluate -1 + (2 - (0 - -11)) - 6.
-16
3 + (15 - -16) + -1
33
-1 + (-27 - 2 - (-19 + 41 + -18))
-34
Calculate 6 - (2 - 0 - 2 - (-2 + -12)).
-8
Calculate (-3 - -6) + -9 + -8.
-14
What is the value of 64 - 80 - (5 + -6)?
-15
What is (-3 - -35) + 173 + -184?
21
Calculate -10 + 36 + (-29 - 10).
-13
What is the value of (6 - 28) + -4 - -7?
-19
Calculate -18 + 38 - 22 - 17.
-19
Calculate (10 - 0) + (315 - 333).
-8
What is the value of -14 + 5 + 11 - -4?
6
Evaluate 6 - 1 - -7 - (5 + -1).
8
What is -5 - (1 + -17 - (-13 + -2))?
-4
1 + -2 + 5 + (5 - 36 - 1)
-28
5 + (-2 + 2 - (8 + (-8 - -11)))
-6
Evaluate 6 - 0 - ((-5 - 2) + 4 - -42).
-33
32 - (1 + -14 + 0 - -24)
21
-2 - (-9 - (-24 + 15))
-2
Evaluate 13 + (10 - 5) + -5 + (1 - -7).
21
Calculate (0 - 9) + (-2 - 2 - 19) + 21.
-11
Calculate 8 - (-24 - 11 - -20).
23
Calculate 0 - (0 + 4) - 2.
-6
(-8 - (-12 - (7 + -17))) + (0 - 6)
-12
Calculate -3 + 1 + 3 + (-4 - -8) + -13.
-8
19 - (17 + -15 - -4)
13
4 + -5 + -1 - -8 - 2 - -5
9
Evaluate (17 - 2) + -37 + -2 + 2.
-22
23 + (7 - 8 - (9 + 1))
12
Calculate -7 + (3 - -5 - -21).
22
What is 6 - ((3 - 11) + 14)?
0
What is 4 - (-41 - -30 - -8)?
7
220 + -215 - (1 - -11)
-7
Evaluate 65 + -79 + -13 + -2.
-29
Evaluate (-120 - -93) + (19 - 1).
-9
17 - 26 - -56 - 29
18
What is 4 - 17 - -8 - 0?
-5
What is the value of -15 - 2 - (-2 + (4 - 10))?
-9
What is 23 + (9 - (-2 - (-13 + -4)) - 3)?
14
What is -25 + (14 + -29 - -30)?
-10
What is the value of -5 + (29 - 8 - 16 - 19)?
-19
Evaluate (-7 + 3 - 1) + -2 - -8.
1
Calculate (-1303 - -1297) + (2 - 0 - 1 - -28).
23
What is 2 - (-7 - 8) - 18?
-1
Calculate -17 - (112 + -120 + (9 - 0)).
-18
What is the value of -25 - -6 - (-2 + -11)?
-6
What is the value of (11 - (-1 - -1)) + -1 - (443 - 450)?
17
What is -1 - 8 - (24 + (-43 - -24))?
-14
Evaluate 11 + -14 + 1 + -5 + -4.
-11
Evaluate 22 + (-1 + 7 - ((12 - 11) + 4)).
23
What is the value of 2 - 7 - (0 - 7) - -8?
10
Calculate 22 - (27 + (18 - 38)).
15
What is the value of 9 - (-6 - -5) - 17?
-7
Calculate 50 + -16 - (13 + 1) - (-8 + -2).
30
What is the value of 5 - (72 - 27 - 5)?
-35
Calculate 5 - ((-4 - 1) + (-1 - -5 - -3)).
3
What is (5 + -3 - 13) + (-130 - -128)?
-13
What is 8 + ((14 - 4) + -9 - 1)?
8
What is -11 + 3 + -3 + (4 - (-6 - -11))?
-12
What is the value of 2 - (-13 - -24 - -8)?
-17
Evaluate -3 + (-11 - -20) + 13 + (2 - 11).
10
What is the value of -8 + (-1 - (9 - (8 - 4)))?
-14
What is (-18 - -6) + -14 + 27?
1
What is 15 - 1 - ((10 - 2) + -12 + 11)?
7
What is the value of 2 + 26 + -8 + 3?
23
Calculate (1 + -5 + 7 - 3) + -2.
-2
Evaluate -2 + 15 + 14 + -31.
-4
What is (-12 - (-38 - -25)) + -13?
-12
Evaluate (-20 - -1) + (-78 - -111).
14
What is the value of -3 + (-7 - -6) + (-3 + 11 - 15)?
-11
What is -8 + 11 + -2 + 6 + -5?
2
What is -30 + 27 + 11 + -1?
7
What is the value of -8 - ((-4 - (-1 - 5)) + (15 - 37))?
12
2 + -7 + 6 + -3 + 9
7
Calculate (-5 - (-4 + 2 - -2)) + 7 - 4.
-2
What is the value of 4 + (-1 + 20 - (42 + 6 - 42))?
17
Calculate 9 - (-10 + 36) - -7.
-10
What is (0 - -36) + (493 - 521)?
8
What is 4 - (-4 - (-21 - 7))?
-20
What is 409 + -431 - (-2 + -4 + -1)?
-15
-38 + 0 - (338 - 354)
-22
What is (-11 - -18 - 16) + (-3 - -2 - -37)?
27
What is the value of -1 + 1 + 0 - -2 - (-1474 + 1467)?
9
Calculate -2 + (9 - (1 + -9 + 12)).
3
What is 21 + -42 + 19 + -2?
-4
Calculate (-7 - -35 - 3) + 4.
29
What is the value of -1 + 1 + -114 + 94?
-20
What is the value of (-9 - 17) + 11 - -33?
18
-20 - (-15 + 0 - (-8 + 17 + -14))
-10
Calculate 1 + -2 + -2 + (10 + -12 - 1).
-6
What is 7 - (1 + 3 - 0) - 4?
-1
What is 40 + -22 + (-8 - 3)?
7
(19 - (-12 + 21)) + -1 + -5
4
What is -37 - (-21 - -2) - -23?
5
What is 19 + (164 - 153) + (-20 - -1) - 9?
2
(-32 - -5) + 431 + -398
6
What is the value of 4 - (-5 - 10 - (-21 + 2))?
0
(-2 + 4 - -3) + (94 - 103)
-4
Evaluate -13 + -19 + 41 - 10.
-1
Evaluate 0 + 2 - 5 - (9 + -2 + -24).
14
Calculate 29 + -16 + -1 - 14.
-2
What is the value of 1 + -8 - (25 + -43)?
11
Evaluate 53 - (35 + 28 + -29).
19
What is -1 + -1 + -2 - (30 - 54 - 2)?
22
(12 - (13 - -5)) + 0 + 14 + -4
4
Evaluate -2 + (13 - 0) - 20.
-9
Calculate 8 + (-3 - -5) + -7 + 0.
3
Evaluate -6 + (16 - -14) + -1.
23
What is 8 - (22 + 0 + (-14 - -26))?
-26
What is -2 - -2 - (0 - -28 - 39)?
11
What is the value of 4 + 6 + -5 + 1?
6
Evaluate 3 - (48 + (-3 - 3) + (1 - 10)).
-30
Calculate -11 + 11 + 11 - 21.
-10
What is the value of (5 - 3 - (-12 - -9)) + 3?
8
Calculate 12 + (-5 + 4 + (6 - 3) - 2).
12
-17 + -3 - (-48 - -19)
9
What is the value of (-21 + 33 - 6) + -22 + 2?
-14
-2 - (4 - 9 - -8) - 11
-16
What is 1 - 0 - 5 - (-3 - (-14 - -12))?
-3
-5 + 7 - -8 - 21
-11
What is (38 + -5 - 15) + -13?
5
Calculate 29 - ((-26 - 11) + 42).
24
-7 + (49 - (-9 + 30))
21
What is the value of 8 - 1 - ((0 - -9) + -14)?
12
What is the value of 27 + (-6 - (0 - 1)) + (7 - 2)?
27
What is 9 + -28 + (63 - 40)?
4
What is the value of 0 - (-2 + 12) - (-23 - -18)?
-5
What is the value of (23 - (32 + -15)) + -14 - (20 + -2)?
-26
7 + 5 + 3 + -7 + -1
7
Calculate 6 - ((-7 - -6) + 19).
-12
Evaluate 4 + 3 - ((-6 - (-29 + 2)) + -5).
-9
What is -20 - (-26 - (11 + -34))?
-17
Evaluate -1 - (-19 + (-6 + 14 + -7 - -6)).
11
What is the value of 29 + -12 + -14 - (2 + 22)?
-21
Evaluate 6 - (-4 - -19) - (-37 + -4).
32
Calculate 1 + 4 - (10 - -4).
-9
What is 1 + 0 + 4 - (1 - (3 + -7))?
0
Calculate -14 + -2 + 57 + -34.
7
-12 + 9 - (15 - -1) - -7
-12
Calculate 2 + 4 + (-12 - -7) + 10.
11
(1 - 7) + (33 - 70 - -32)
-11
What is 6 + 25 + -67 + 32?
-4
What is the value of (5 - (13 - (-9 - -12))) + 10?
5
What is -12 - -27 - 22 - 13?
-20
Calculate 5 + -10 - (-10 - -1) - (2 + 16).
-14
5 + -4 + (0 - (6 - 5))
0
Calculate (-3 - 60) + 75 - (1 - -7).
4
What is the value of -55 - -32 - -51 - (0 - -2)?
26
What is the value of 0 - (-8 + 5 + 17)?
-14
Calculate -1 + 15 + 13 + 37 + -53.
11
What is -17 - (-50 + 38 + (2 - 2))?
-5
4 + -1 + -14 + (2 - -6)
-3
Calculate -318 + 339 + -6 + -3.
12
Calculate -3 + 1 - (-14 + -15 - -15).
12
(-1 - 1) + (-1 - (3 - 7)) + -5
-4
What is the value of -10 + 11 + (5 - (-13 + 5)) - 4?
10
What is the value of (-2 - (4 + -6) - 0) + 1 + -1?
0
What is 7 + -5 + 1 - 10?
-7
What is the value of -1 + (-24 + 44 - (-6 - 8))?
33
What is the value of 0 + -3 + 664 + -682?
-21
Calculate (0 - (6 - 22)) + -5.
11
What is (15 - 14) + -6 + 2 - 1?
-4
What is 24 + (1 - 57) + 12?
-20
1 + -5 + -277 + 268
-13
Evaluate -353 - -349 - (-1 + (13 - 2) - 2).
-12
What is the value of -17 - ((0 - 30) + 15)?
-2
What is the value of -4 - (-12 + 3 - (1 + 5 - 8))?
3
What is the value of -16 - 3 - (65 + -85)?
1
What is (-1 - 1) + (-47 - -40) - (17 + -12)?
-14
What is -1 + 1 - (1 - 2) - 11 - -3?
-7
What is (6 - (11 - -7)) + (8 - 2) + 1?
-5
Calculate 27 + -25 + (17 + -8 - (0 + 2)).
9
Calculate -8 + (11 + 29 - -8).
40
(-10 - -1 - -7) + (-10 - -1)
-11
What is the value of -6 - (-17 - -3) - (6 + 1)?
1
Calculate -304 - -272 - ((0 - -1) + -6 + 7).
-34
Calculate -4 + (2 - -2) - -1 - 2.
-1
-21 + 3 + 1 + 29 + (1 - 24)
-11
73 - -15 - 46 - 56
-14
Evaluate 40 + -5 + -46 + 6.
-5
Calculate (6 + -4 - -17 - (42 - 34)) + -4.
7
What is (4 - -4 - -13) + (-23 - -24)?
22
What is 10 + (8 - (9 + 6)) - (7 - -3)?
-7
Evaluate (1 + -9 - ((8 - 17) + 7)) + -4.
-10
What is the value of -10 - ((-2 - (3 + 0)) + (13 - 15))?
-3
Evaluate (0 - (9 - 41)) + -36.
-4
Calculate -10 + 3 - (4 - (10 + (-3 - 2))).
-6
What is the value of 1 - -51 - (132 - 113)?
33
What is -4 + 2 + 2 + (27 - 21) - 6?
0
What is 0 + (1 - 6) + 2 + (132 - 146)?
-17
What is the value of (11 - 13) + (14 -